{"id":347,"date":"2024-05-20T15:29:26","date_gmt":"2024-05-20T18:29:26","guid":{"rendered":"https:\/\/tutypmu.com\/?page_id=347"},"modified":"2024-05-20T15:29:27","modified_gmt":"2024-05-20T18:29:27","slug":"datenschutzrichtlinie","status":"publish","type":"page","link":"https:\/\/tutypmu.com\/index.php\/datenschutzrichtlinie\/","title":{"rendered":"Datenschutzrichtlinie"},"content":{"rendered":"\n<p><strong><u>Cookie-Richtlinie<\/u><\/strong><strong><\/strong><\/p>\n\n\n\n<p>Wir verwenden Cookies und \u00e4hnliche Tools (zusammenfassend &#8220;Cookies&#8221;) f\u00fcr die hier unten beschriebenen Zwecke.<\/p>\n\n\n\n<p><strong>1.&nbsp;<\/strong>Sofern Sie unsere Website lediglich zu Informationszwecken nutzen, also wenn Sie sich nicht f\u00fcr einen Service registrieren oder uns \u2013 etwa \u00fcber ein Kontaktformular \u2013 anderweitig Informationen \u00fcbermitteln, erheben wir nur die personenbezogenen Daten, die Ihr Browser an unseren Server \u00fcbermittelt. Sofern Sie also unsere Website besuchen m\u00f6chten, erheben wir die nachfolgend angef\u00fchrten Daten, die f\u00fcr uns technisch erforderlich sind, um Ihnen die Website anzuzeigen und deren Stabilit\u00e4t und Sicherheit gem. Art. 6 Abs. 1 S. 1 lit. f EU-DSGVO zu gew\u00e4hrleisten:<br><br><\/p>\n\n\n\n<ul class=\"wp-block-list\">\n<li>IP-Adresse<\/li>\n\n\n\n<li>Datum und Uhrzeit der Anfrage<\/li>\n\n\n\n<li>Zeitzonendifferenz zur Greenwich Mean Time (GMT)<\/li>\n\n\n\n<li>Inhalt der Anforderung<\/li>\n\n\n\n<li>Zugriffsstatus \/ http-Statuscode<\/li>\n\n\n\n<li>Jeweils \u00fcbertragene Datenmenge<\/li>\n\n\n\n<li>Website, von der die Anforderung kommt<\/li>\n\n\n\n<li>Verwendeter Browser<\/li>\n\n\n\n<li>Betriebssystem und dessen Oberfl\u00e4che<\/li>\n\n\n\n<li>Sprache und Version der Browsersoftware<\/li>\n<\/ul>\n\n\n\n<p><strong>2.&nbsp;<\/strong>Erg\u00e4nzend zu den zuvor genannten Daten werden bei Ihrer Nutzung unserer Website First und Third-Party Cookies auf Ihrem Rechner gespeichert; dies sind kleine Textdateien, die auf Ihrer Festplatte in dem von Ihnen verwendeten Browser zugeordnet gespeichert werden. Die Stelle, die einen Cookie setzt (hier erfolgt dies durch uns und die nachstehend angef\u00fchrten Dritten), erh\u00e4lt dadurch bestimmte Informationen. Diese Cookies ben\u00f6tigen wir einerseits um Sie als Nutzer der Website zu erkennen und andererseits, um die Nutzung unserer Services nachvollziehbar machen zu k\u00f6nnen. Zuletzt setzen wir Cookies zu Marketingzwecken ein, um Ihr Nutzungsverhalten zu analysieren und Ihnen im Anlassfall zielgerichtete Werbung zukommen zu lassen.<\/p>\n\n\n\n<p>Man kann grunds\u00e4tzlich zwischen First Party Cookies, Third Party Cookies und Third Party Requests unterscheiden.<\/p>\n\n\n\n<ul class=\"wp-block-list\">\n<li>First Party Cookies<\/li>\n<\/ul>\n\n\n\n<p>First Party Cookies werden von uns bzw. unserer Website selbst in Ihrem Browser gespeichert, um Ihnen ein bestm\u00f6gliches Nutzungserlebnis zu bieten. Dabei handelt es sich insbesondere um funktionale Cookies, wie etwa Warenkorb-Cookies.<\/p>\n\n\n\n<p>&#8211; AMP_TOKEN (Speicherdauer: Session)<\/p>\n\n\n\n<p>&#8211; PHPSESSID (Speicherdauer: Session)<\/p>\n\n\n\n<p>Dabei handelt es sich um ein sogenanntes Session-Cookie, das Sie als individuellen Nutzer w\u00e4hrend Ihres Websitebesuchs erfasst. Dieses Cookie wird gel\u00f6scht, wenn Sie unsere Seite verlassen.<\/p>\n\n\n\n<p>&#8211; wordpress<em>test<\/em>cookie (Speicherdauer: Session)<\/p>\n\n\n\n<p>Dieses Cookie ist erforderlich, um zu speichern, ob Sie der Verwendung von Coo-kies auf unserer Seite zugestimmt haben. Wir speichern dieses Cookie f\u00fcr ein Mo-nat.<\/p>\n\n\n\n<ul class=\"wp-block-list\">\n<li>Third Party Cookies<\/li>\n<\/ul>\n\n\n\n<p>Third Party Cookies werden von einem Drittanbieter in Ihrem Browser gespeichert. Dabei handelt es sich zumeist um Tracking- oder Marketingtools, die einerseits ihr Nutzerverhalten auswerten und zum anderen dem Drittanbieter die M\u00f6glichkeit bieten, Sie auch auf anderen besuchten Websites wiederzuerkennen. Grunds\u00e4tzlich basiert beispielsweise Retarget Marketing auf der Funktion derartiger Cookies.<\/p>\n\n\n\n<p>&#8211;&nbsp;<em>gcl<\/em>au (Speicherdauer: 3 Monate)<\/p>\n\n\n\n<p>&#8211; _ga (Speicherdauer: 2 Jahre)<\/p>\n\n\n\n<p>&#8211; _gid (Speicherdauer: 1 Tag)<\/p>\n\n\n\n<p>&#8211;&nbsp;<em>gat<\/em>UA (Speicherdauer: Session)<\/p>\n\n\n\n<p>Diese Cookies werden vom Webanalysedienst Google Analytics und Google AdSense eingesetzt und f\u00fcr die Dauer von bis zu 2 Jahren gespeichert. Die genaue Funktionsweise von Google Analytics erl\u00e4utern wir unter 6.a. dieser Datenschutzerkl\u00e4rung.<\/p>\n\n\n\n<p>&#8211; _<em>stripe<\/em>mid (Speicherdauer: 1 Jahr)<\/p>\n\n\n\n<p>&#8211; _<em>stripe<\/em>sid (Speicherdauer: 1 Stunde)<\/p>\n\n\n\n<p>Bei diesen Cookies handelt es sich um technische Cookies unseres Bezahldienst-leisters Stripe. Diese sind technisch erforderlich, um eine Kreditkartenzahlung in unserem Webshop zu erm\u00f6glichen und die daf\u00fcr relevanten Daten unserem Be-zahldienstanbieter zur Verf\u00fcgung zu stellen. N\u00e4heres dazu finden Sie unter Punkt 5. in dieser Datenschutzerkl\u00e4rung.<\/p>\n\n\n\n<ul class=\"wp-block-list\">\n<li>Third Party Requests<\/li>\n<\/ul>\n\n\n\n<p>Third Party Request sind alle Anfragen, die Sie als Seitenbenutzer \u00fcber unsere Seite an Dritte stellen \u2013 also beispielsweise, wenn Sie mit Plugins sozialer Netzwerke agieren oder etwa das Angebot eines Bezahlanbieters nutzen. In diesem Fall werden zwar keine Cookies in Ihrem Browser gespeichert, es ist aber nicht auszuschlie\u00dfen, dass durch die Interaktion personenbezogene Daten an diesen Drittanbieter gesendet werden. Aus diesem Grund informieren wir Sie auch im Detail in unserer Datenschutzerkl\u00e4rung \u00fcber die von uns eingesetzten Tools &amp; Applikationen.<\/p>\n\n\n\n<p>Weitere Informationen zu der Art der von uns gesammelten Informationen finden Sie in unserer Datenschutzerkl\u00e4rung, bitte Link zur Datenschutzerkl\u00e4rung eingeben<\/p>\n\n\n\n<p>3. Sie k\u00f6nnen Ihre einmal erteilte Einwilligung jederzeit widerrufen. Bitte nutzen Sie hierf\u00fcr eine der folgenden M\u00f6glichkeiten:<\/p>\n\n\n\n<p>\u2013 Sie teilen uns mit, dass Sie Ihre Einwilligung widerrufen m\u00f6chten.<\/p>\n\n\n\n<p>\u2013 Sie k\u00f6nnen die Speicherung der Cookies durch eine entsprechende Einstellung Ihrer Browser-Software verhindern; wir weisen Sie jedoch darauf hin, dass Sie in diesem Fall gegebenenfalls nicht s\u00e4mtliche Funktionen dieser Webseite vollumf\u00e4nglich werden nutzen k\u00f6nnen. \u2013 Sie k\u00f6nnen dar\u00fcber hinaus die Erfassung der durch das Cookie erzeugten und auf Ihre Nutzung unserer Webseiten bezogenen Daten (inkl. Ihrer IP-Adresse) an Google sowie die Verarbeitung dieser Daten durch Google verhindern, indem sie das unter dem folgenden Link (<a href=\"https:\/\/tools.google.com\/dlpage\/gaoptout?hl=de\">https:\/\/tools.google.com\/dlpage\/gaoptout?hl=de<\/a>) verf\u00fcgbare Browser-Plugin herunterladen und installieren.<\/p>\n\n    <div class=\"xs_social_share_widget xs_share_url after_content \t\tmain_content  wslu-style-1 wslu-share-box-shaped wslu-fill-colored wslu-none wslu-share-horizontal wslu-theme-font-no wslu-main_content\">\n\n\t\t\n        <ul>\n\t\t\t        <\/ul>\n    <\/div> \n","protected":false},"excerpt":{"rendered":"<p>Cookie-Richtlinie Wir verwenden Cookies und \u00e4hnliche Tools (zusammenfassend &#8220;Cookies&#8221;) f\u00fcr die hier unten beschriebenen Zwecke. 1.&nbsp;Sofern Sie unsere Website lediglich zu Informationszwecken nutzen, also wenn Sie sich nicht f\u00fcr einen Service registrieren oder uns \u2013 etwa \u00fcber ein Kontaktformular \u2013 anderweitig Informationen \u00fcbermitteln, erheben wir nur die personenbezogenen Daten, die Ihr Browser an unseren Server [&hellip;]<\/p>\n","protected":false},"author":1,"featured_media":0,"parent":0,"menu_order":0,"comment_status":"closed","ping_status":"closed","template":"","meta":{"footnotes":""},"class_list":["post-347","page","type-page","status-publish","hentry"],"_links":{"self":[{"href":"https:\/\/tutypmu.com\/index.php\/wp-json\/wp\/v2\/pages\/347","targetHints":{"allow":["GET"]}}],"collection":[{"href":"https:\/\/tutypmu.com\/index.php\/wp-json\/wp\/v2\/pages"}],"about":[{"href":"https:\/\/tutypmu.com\/index.php\/wp-json\/wp\/v2\/types\/page"}],"author":[{"embeddable":true,"href":"https:\/\/tutypmu.com\/index.php\/wp-json\/wp\/v2\/users\/1"}],"replies":[{"embeddable":true,"href":"https:\/\/tutypmu.com\/index.php\/wp-json\/wp\/v2\/comments?post=347"}],"version-history":[{"count":1,"href":"https:\/\/tutypmu.com\/index.php\/wp-json\/wp\/v2\/pages\/347\/revisions"}],"predecessor-version":[{"id":348,"href":"https:\/\/tutypmu.com\/index.php\/wp-json\/wp\/v2\/pages\/347\/revisions\/348"}],"wp:attachment":[{"href":"https:\/\/tutypmu.com\/index.php\/wp-json\/wp\/v2\/media?parent=347"}],"curies":[{"name":"wp","href":"https:\/\/api.w.org\/{rel}","templated":true}]}}